{"id":684,"date":"2024-07-12T13:04:44","date_gmt":"2024-07-12T13:04:44","guid":{"rendered":"https:\/\/scoalaberceniph.ro\/?page_id=684"},"modified":"2024-07-12T13:08:40","modified_gmt":"2024-07-12T13:08:40","slug":"activitati-scolare","status":"publish","type":"page","link":"https:\/\/scoalaberceniph.ro\/index.php\/activitati-scolare\/","title":{"rendered":"Activit\u0103\u021bi \u0219colare"},"content":{"rendered":"<section class=\"l-section wpb_row height_medium\"><div class=\"l-section-h i-cf\"><div class=\"g-cols via_flex valign_top type_default\"><div class=\"vc_col-sm-12 wpb_column vc_column_container\"><div class=\"vc_column-inner\"><div class=\"wpb_wrapper\"><div class=\"wpb_text_column\"><div class=\"wpb_wrapper\"><h4><strong>Activit\u0103\u021bi \u0219colare<\/strong><\/h4>\n<\/div><\/div><div class=\"w-separator size_small with_line width_default thick_1 style_solid color_border align_center\"><div class=\"w-separator-h\"><\/div><\/div><div class=\"w-grid type_grid layout_81\" id=\"us_grid_1\" data-filterable=\"true\"><style>#us_grid_1 .w-grid-item:not(:last-child){margin-bottom:0.5rem}#us_grid_1 .g-loadmore{margin-top:0.5rem}.layout_81 .w-grid-item-h{}.layout_81 .usg_hwrapper_1{transition-duration:0.3s;transform-origin:50% 50%;transform:scale(1) translate(0%,0%)}.layout_81 .w-grid-item-h:hover .usg_hwrapper_1{transform:scale(1) translate(2%,0%);opacity:1}<\/style><div class=\"w-grid-list\">\t<article class=\"w-grid-item size_1x1 post-1157 post type-post status-publish format-standard hentry category-activitati-scolare\" data-id=\"1157\">\r\n\t\t<div class=\"w-grid-item-h\">\r\n\t\t\t\t\t\t<div class=\"w-hwrapper usg_hwrapper_1 align_left valign_baseline\" style=\"--hwrapper-gap:5px\"><p class=\"w-text usg_text_1\"><span class=\"w-text-h\"><i class=\"fas fa-chevron-right\"><\/i><span class=\"w-text-value\"><\/span><\/span><\/p><p class=\"w-post-elm post_title usg_post_title_1 align_left entry-title color_link_inherit\"><a href=\"https:\/\/scoalaberceniph.ro\/index.php\/2026\/04\/30\/locul-iii-etapa-judeteana-onss-cupa-tymbark-fotbal-baieti-u12\/\">LOCUL III \u2013 Etapa judeteana ONSS- Cupa Tymbark fotbal baieti U12<\/a><\/p><\/div>\t\t<\/div>\r\n\t<\/article>\r\n\t<article class=\"w-grid-item size_1x1 post-1150 post type-post status-publish format-standard hentry category-activitati-scolare\" data-id=\"1150\">\r\n\t\t<div class=\"w-grid-item-h\">\r\n\t\t\t\t\t\t<div class=\"w-hwrapper usg_hwrapper_1 align_left valign_baseline\" style=\"--hwrapper-gap:5px\"><p class=\"w-text usg_text_1\"><span class=\"w-text-h\"><i class=\"fas fa-chevron-right\"><\/i><span class=\"w-text-value\"><\/span><\/span><\/p><p class=\"w-post-elm post_title usg_post_title_1 align_left entry-title color_link_inherit\"><a href=\"https:\/\/scoalaberceniph.ro\/index.php\/2026\/04\/30\/alimentatia-sanatoasa-si-importanta-produselor-lactate\/\">Alimenta\u021bia s\u0103n\u0103toas\u0103 \u0219i importan\u021ba produselor lactate<\/a><\/p><\/div>\t\t<\/div>\r\n\t<\/article>\r\n\t<article class=\"w-grid-item size_1x1 post-1138 post type-post status-publish format-standard hentry category-activitati-scolare\" data-id=\"1138\">\r\n\t\t<div class=\"w-grid-item-h\">\r\n\t\t\t\t\t\t<div class=\"w-hwrapper usg_hwrapper_1 align_left valign_baseline\" style=\"--hwrapper-gap:5px\"><p class=\"w-text usg_text_1\"><span class=\"w-text-h\"><i class=\"fas fa-chevron-right\"><\/i><span class=\"w-text-value\"><\/span><\/span><\/p><p class=\"w-post-elm post_title usg_post_title_1 align_left entry-title color_link_inherit\"><a href=\"https:\/\/scoalaberceniph.ro\/index.php\/2026\/03\/26\/ziua-politiei-romane\/\">Ziua Poli\u021biei Rom\u00e2ne<\/a><\/p><\/div>\t\t<\/div>\r\n\t<\/article>\r\n\t<article class=\"w-grid-item size_1x1 post-1103 post type-post status-publish format-standard hentry category-activitati-scolare\" data-id=\"1103\">\r\n\t\t<div class=\"w-grid-item-h\">\r\n\t\t\t\t\t\t<div class=\"w-hwrapper usg_hwrapper_1 align_left valign_baseline\" style=\"--hwrapper-gap:5px\"><p class=\"w-text usg_text_1\"><span class=\"w-text-h\"><i class=\"fas fa-chevron-right\"><\/i><span class=\"w-text-value\"><\/span><\/span><\/p><p class=\"w-post-elm post_title usg_post_title_1 align_left entry-title color_link_inherit\"><a href=\"https:\/\/scoalaberceniph.ro\/index.php\/2026\/03\/09\/activitate-in-cadrul-saptamanii-protectiei-civile\/\">Activitate \u00een cadrul \u201eS\u0103pt\u0103m\u00e2nii Protec\u021biei Civile\u201d<\/a><\/p><\/div>\t\t<\/div>\r\n\t<\/article>\r\n\t<article class=\"w-grid-item size_1x1 post-1095 post type-post status-publish format-standard hentry category-activitati-scolare\" data-id=\"1095\">\r\n\t\t<div class=\"w-grid-item-h\">\r\n\t\t\t\t\t\t<div class=\"w-hwrapper usg_hwrapper_1 align_left valign_baseline\" style=\"--hwrapper-gap:5px\"><p class=\"w-text usg_text_1\"><span class=\"w-text-h\"><i class=\"fas fa-chevron-right\"><\/i><span class=\"w-text-value\"><\/span><\/span><\/p><p class=\"w-post-elm post_title usg_post_title_1 align_left entry-title color_link_inherit\"><a href=\"https:\/\/scoalaberceniph.ro\/index.php\/2026\/01\/30\/semaforul-conflictelor\/\">Semaforul conflictelor<\/a><\/p><\/div>\t\t<\/div>\r\n\t<\/article>\r\n\t<article class=\"w-grid-item size_1x1 post-1078 post type-post status-publish format-standard hentry category-activitati-scolare\" data-id=\"1078\">\r\n\t\t<div class=\"w-grid-item-h\">\r\n\t\t\t\t\t\t<div class=\"w-hwrapper usg_hwrapper_1 align_left valign_baseline\" style=\"--hwrapper-gap:5px\"><p class=\"w-text usg_text_1\"><span class=\"w-text-h\"><i class=\"fas fa-chevron-right\"><\/i><span class=\"w-text-value\"><\/span><\/span><\/p><p class=\"w-post-elm post_title usg_post_title_1 align_left entry-title color_link_inherit\"><a href=\"https:\/\/scoalaberceniph.ro\/index.php\/2026\/01\/16\/elevii-au-talent\/\">Elevii au talent<\/a><\/p><\/div>\t\t<\/div>\r\n\t<\/article>\r\n\t<article class=\"w-grid-item size_1x1 post-969 post type-post status-publish format-standard hentry category-activitati-scolare category-alte-informatii\" data-id=\"969\">\r\n\t\t<div class=\"w-grid-item-h\">\r\n\t\t\t\t\t\t<div class=\"w-hwrapper usg_hwrapper_1 align_left valign_baseline\" style=\"--hwrapper-gap:5px\"><p class=\"w-text usg_text_1\"><span class=\"w-text-h\"><i class=\"fas fa-chevron-right\"><\/i><span class=\"w-text-value\"><\/span><\/span><\/p><p class=\"w-post-elm post_title usg_post_title_1 align_left entry-title color_link_inherit\"><a href=\"https:\/\/scoalaberceniph.ro\/index.php\/2025\/04\/01\/ziua-mondiala-a-sanatii-orale\/\">Ziua Mondiala a Sanatii Orale<\/a><\/p><\/div>\t\t<\/div>\r\n\t<\/article>\r\n\t<article class=\"w-grid-item size_1x1 post-962 post type-post status-publish format-standard hentry category-activitati-scolare category-alte-informatii\" data-id=\"962\">\r\n\t\t<div class=\"w-grid-item-h\">\r\n\t\t\t\t\t\t<div class=\"w-hwrapper usg_hwrapper_1 align_left valign_baseline\" style=\"--hwrapper-gap:5px\"><p class=\"w-text usg_text_1\"><span class=\"w-text-h\"><i class=\"fas fa-chevron-right\"><\/i><span class=\"w-text-value\"><\/span><\/span><\/p><p class=\"w-post-elm post_title usg_post_title_1 align_left entry-title color_link_inherit\"><a href=\"https:\/\/scoalaberceniph.ro\/index.php\/2025\/03\/07\/ziua-portilor-deschise\/\">Ziua portilor deschise<\/a><\/p><\/div>\t\t<\/div>\r\n\t<\/article>\r\n\t<article class=\"w-grid-item size_1x1 post-935 post type-post status-publish format-standard hentry category-activitati-scolare\" data-id=\"935\">\r\n\t\t<div class=\"w-grid-item-h\">\r\n\t\t\t\t\t\t<div class=\"w-hwrapper usg_hwrapper_1 align_left valign_baseline\" style=\"--hwrapper-gap:5px\"><p class=\"w-text usg_text_1\"><span class=\"w-text-h\"><i class=\"fas fa-chevron-right\"><\/i><span class=\"w-text-value\"><\/span><\/span><\/p><p class=\"w-post-elm post_title usg_post_title_1 align_left entry-title color_link_inherit\"><a href=\"https:\/\/scoalaberceniph.ro\/index.php\/2025\/02\/06\/ziua-internationala-a-cititului-impreuna\/\">ZIUA INTERNATIONALA A CITITULUI IMPREUNA<\/a><\/p><\/div>\t\t<\/div>\r\n\t<\/article>\r\n\t<article class=\"w-grid-item size_1x1 post-756 post type-post status-publish format-standard hentry category-activitati-scolare\" data-id=\"756\">\r\n\t\t<div class=\"w-grid-item-h\">\r\n\t\t\t\t\t\t<div class=\"w-hwrapper usg_hwrapper_1 align_left valign_baseline\" style=\"--hwrapper-gap:5px\"><p class=\"w-text usg_text_1\"><span class=\"w-text-h\"><i class=\"fas fa-chevron-right\"><\/i><span class=\"w-text-value\"><\/span><\/span><\/p><p class=\"w-post-elm post_title usg_post_title_1 align_left entry-title color_link_inherit\"><a href=\"https:\/\/scoalaberceniph.ro\/index.php\/2024\/10\/18\/saptamana-europeana-a-sportului-2024\/\">SAPTAMANA EUROPEANA A SPORTULUI 2024!<\/a><\/p><\/div>\t\t<\/div>\r\n\t<\/article>\r\n<\/div><div class=\"w-grid-preloader\"><div class=\"g-preloader type_1\">\r\n\t<div><\/div>\r\n<\/div>\r\n<\/div>\t\t<div class=\"g-loadmore \">\r\n\t\t\t<div class=\"g-preloader type_1\">\r\n\t\t\t\t<div><\/div>\r\n\t\t\t<\/div>\r\n\t\t\t<a class=\"w-btn us-btn-style_1\" href=\"javascript:void(0)\">\r\n\t\t\t\t<span class=\"w-btn-label\">Load More<\/span>\r\n\t\t\t<\/a>\r\n\t\t<\/div>\r\n\t\t\t<div class=\"w-grid-json hidden\" onclick='return {&quot;action&quot;:&quot;us_ajax_grid&quot;,&quot;ajax_url&quot;:&quot;https:\\\/\\\/scoalaberceniph.ro\\\/wp-admin\\\/admin-ajax.php&quot;,&quot;infinite_scroll&quot;:0,&quot;max_num_pages&quot;:2,&quot;pagination&quot;:&quot;ajax&quot;,&quot;permalink_url&quot;:&quot;https:\\\/\\\/scoalaberceniph.ro\\\/wp-json\\\/wp\\\/v2\\\/pages\\\/684&quot;,&quot;template_vars&quot;:{&quot;columns&quot;:&quot;1&quot;,&quot;exclude_items&quot;:&quot;none&quot;,&quot;img_size&quot;:&quot;default&quot;,&quot;ignore_items_size&quot;:false,&quot;items_layout&quot;:&quot;81&quot;,&quot;items_offset&quot;:&quot;1&quot;,&quot;load_animation&quot;:&quot;none&quot;,&quot;overriding_link&quot;:&quot;none&quot;,&quot;post_id&quot;:684,&quot;query_args&quot;:{&quot;post_type&quot;:[&quot;post&quot;],&quot;tax_query&quot;:[{&quot;taxonomy&quot;:&quot;category&quot;,&quot;field&quot;:&quot;slug&quot;,&quot;terms&quot;:[&quot;Activit\\u0103\\u021bi \\u0219colare &quot;]}],&quot;post_status&quot;:[&quot;publish&quot;],&quot;posts_per_page&quot;:&quot;10&quot;},&quot;orderby_query_args&quot;:{&quot;orderby&quot;:{&quot;date&quot;:&quot;DESC&quot;}},&quot;type&quot;:&quot;grid&quot;,&quot;us_grid_ajax_index&quot;:1,&quot;us_grid_filter_params&quot;:null,&quot;us_grid_index&quot;:1,&quot;_us_grid_post_type&quot;:&quot;post&quot;}}'><\/div>\r\n\t<\/div><\/div><\/div><\/div><\/div><\/div><\/section>\n","protected":false},"excerpt":{"rendered":"SAPTAMANA EUROPEANA A SPORTULUI 2024!","protected":false},"author":1,"featured_media":0,"parent":0,"menu_order":0,"comment_status":"closed","ping_status":"closed","template":"","meta":{"footnotes":""},"class_list":["post-684","page","type-page","status-publish","hentry"],"_links":{"self":[{"href":"https:\/\/scoalaberceniph.ro\/index.php\/wp-json\/wp\/v2\/pages\/684","targetHints":{"allow":["GET"]}}],"collection":[{"href":"https:\/\/scoalaberceniph.ro\/index.php\/wp-json\/wp\/v2\/pages"}],"about":[{"href":"https:\/\/scoalaberceniph.ro\/index.php\/wp-json\/wp\/v2\/types\/page"}],"author":[{"embeddable":true,"href":"https:\/\/scoalaberceniph.ro\/index.php\/wp-json\/wp\/v2\/users\/1"}],"replies":[{"embeddable":true,"href":"https:\/\/scoalaberceniph.ro\/index.php\/wp-json\/wp\/v2\/comments?post=684"}],"version-history":[{"count":3,"href":"https:\/\/scoalaberceniph.ro\/index.php\/wp-json\/wp\/v2\/pages\/684\/revisions"}],"predecessor-version":[{"id":693,"href":"https:\/\/scoalaberceniph.ro\/index.php\/wp-json\/wp\/v2\/pages\/684\/revisions\/693"}],"wp:attachment":[{"href":"https:\/\/scoalaberceniph.ro\/index.php\/wp-json\/wp\/v2\/media?parent=684"}],"curies":[{"name":"wp","href":"https:\/\/api.w.org\/{rel}","templated":true}]}}